{"id":2874,"date":"2022-09-27T19:38:41","date_gmt":"2022-09-27T19:38:41","guid":{"rendered":"https:\/\/greenkeyuruguay.org\/?page_id=2874"},"modified":"2024-03-19T16:09:17","modified_gmt":"2024-03-19T16:09:17","slug":"porquegreenkey","status":"publish","type":"page","link":"https:\/\/greenkeyuruguay.org\/index.php\/porquegreenkey\/","title":{"rendered":"\u00bfPorqu\u00e9 Green Key?"},"content":{"rendered":"\t\t<div data-elementor-type=\"wp-page\" data-elementor-id=\"2874\" class=\"elementor elementor-2874\" data-elementor-settings=\"[]\">\n\t\t\t\t\t\t<div class=\"elementor-inner\">\n\t\t\t\t\t\t\t<div class=\"elementor-section-wrap\">\n\t\t\t\t\t\t\t<section class=\"elementor-section elementor-top-section elementor-element elementor-element-37d2a4f elementor-section-height-min-height elementor-section-content-bottom elementor-section-items-bottom elementor-section-boxed elementor-section-height-default\" data-id=\"37d2a4f\" data-element_type=\"section\" data-settings=\"{&quot;background_background&quot;:&quot;classic&quot;}\">\n\t\t\t\t\t\t\t<div class=\"elementor-background-overlay\"><\/div>\n\t\t\t\t\t\t\t<div class=\"elementor-container elementor-column-gap-no\">\n\t\t\t\t\t\t\t<div class=\"elementor-row\">\n\t\t\t\t\t<div class=\"elementor-column elementor-col-100 elementor-top-column elementor-element elementor-element-559220c\" data-id=\"559220c\" data-element_type=\"column\">\n\t\t\t<div class=\"elementor-column-wrap elementor-element-populated\">\n\t\t\t\t\t\t\t<div class=\"elementor-widget-wrap\">\n\t\t\t\t\t\t<div class=\"elementor-element elementor-element-78206bf elementor-widget elementor-widget-heading\" data-id=\"78206bf\" data-element_type=\"widget\" data-widget_type=\"heading.default\">\n\t\t\t\t<div class=\"elementor-widget-container\">\n\t\t\t<h1 class=\"elementor-heading-title elementor-size-default\">\u00bfPorqu\u00e9 Green Key?<\/h1>\t\t<\/div>\n\t\t\t\t<\/div>\n\t\t\t\t\t\t<\/div>\n\t\t\t\t\t<\/div>\n\t\t<\/div>\n\t\t\t\t\t\t\t\t<\/div>\n\t\t\t\t\t<\/div>\n\t\t<\/section>\n\t\t\t\t<section class=\"elementor-section elementor-top-section elementor-element elementor-element-600e4bd elementor-section-boxed elementor-section-height-default elementor-section-height-default\" data-id=\"600e4bd\" data-element_type=\"section\">\n\t\t\t\t\t\t<div class=\"elementor-container elementor-column-gap-default\">\n\t\t\t\t\t\t\t<div class=\"elementor-row\">\n\t\t\t\t\t<div class=\"elementor-column elementor-col-100 elementor-top-column elementor-element elementor-element-a711412\" data-id=\"a711412\" data-element_type=\"column\">\n\t\t\t<div class=\"elementor-column-wrap elementor-element-populated\">\n\t\t\t\t\t\t\t<div class=\"elementor-widget-wrap\">\n\t\t\t\t\t\t\t\t<\/div>\n\t\t\t\t\t<\/div>\n\t\t<\/div>\n\t\t\t\t\t\t\t\t<\/div>\n\t\t\t\t\t<\/div>\n\t\t<\/section>\n\t\t\t\t<section class=\"elementor-section elementor-top-section elementor-element elementor-element-78d7eb55 elementor-section-content-middle elementor-section-height-min-height elementor-section-boxed elementor-section-height-default elementor-section-items-middle\" data-id=\"78d7eb55\" data-element_type=\"section\">\n\t\t\t\t\t\t<div class=\"elementor-container elementor-column-gap-default\">\n\t\t\t\t\t\t\t<div class=\"elementor-row\">\n\t\t\t\t\t<div class=\"elementor-column elementor-col-50 elementor-top-column elementor-element elementor-element-66ebf2b\" data-id=\"66ebf2b\" data-element_type=\"column\">\n\t\t\t<div class=\"elementor-column-wrap elementor-element-populated\">\n\t\t\t\t\t\t\t<div class=\"elementor-widget-wrap\">\n\t\t\t\t\t\t<div class=\"elementor-element elementor-element-878f1d3 elementor-widget elementor-widget-image\" data-id=\"878f1d3\" data-element_type=\"widget\" data-widget_type=\"image.default\">\n\t\t\t\t<div class=\"elementor-widget-container\">\n\t\t\t\t\t\t\t\t<div class=\"elementor-image\">\n\t\t\t\t\t\t\t\t\t\t\t\t<img loading=\"lazy\" decoding=\"async\" width=\"1024\" height=\"684\" src=\"https:\/\/greenkeyuruguay.org\/wp-content\/uploads\/2022\/09\/16962660376_9d5ccd1cc3_o-1024x684.jpg\" class=\"attachment-large size-large\" alt=\"\" srcset=\"https:\/\/greenkeyuruguay.org\/wp-content\/uploads\/2022\/09\/16962660376_9d5ccd1cc3_o-1024x684.jpg 1024w, https:\/\/greenkeyuruguay.org\/wp-content\/uploads\/2022\/09\/16962660376_9d5ccd1cc3_o-300x200.jpg 300w, https:\/\/greenkeyuruguay.org\/wp-content\/uploads\/2022\/09\/16962660376_9d5ccd1cc3_o-768x513.jpg 768w, https:\/\/greenkeyuruguay.org\/wp-content\/uploads\/2022\/09\/16962660376_9d5ccd1cc3_o.jpg 1500w\" sizes=\"auto, (max-width: 1024px) 100vw, 1024px\" \/>\t\t\t\t\t\t\t\t\t\t\t\t\t\t<\/div>\n\t\t\t\t\t\t<\/div>\n\t\t\t\t<\/div>\n\t\t\t\t\t\t<\/div>\n\t\t\t\t\t<\/div>\n\t\t<\/div>\n\t\t\t\t<div class=\"elementor-column elementor-col-50 elementor-top-column elementor-element elementor-element-72dd3544\" data-id=\"72dd3544\" data-element_type=\"column\">\n\t\t\t<div class=\"elementor-column-wrap elementor-element-populated\">\n\t\t\t\t\t\t\t<div class=\"elementor-widget-wrap\">\n\t\t\t\t\t\t<div class=\"elementor-element elementor-element-bc142ce elementor-widget elementor-widget-heading\" data-id=\"bc142ce\" data-element_type=\"widget\" data-widget_type=\"heading.default\">\n\t\t\t\t<div class=\"elementor-widget-container\">\n\t\t\t<h2 class=\"elementor-heading-title elementor-size-default\">Ventajas de nuestra ecoetiqueta<\/h2>\t\t<\/div>\n\t\t\t\t<\/div>\n\t\t\t\t<div class=\"elementor-element elementor-element-4ae60cbc elementor-widget elementor-widget-text-editor\" data-id=\"4ae60cbc\" data-element_type=\"widget\" data-widget_type=\"text-editor.default\">\n\t\t\t\t<div class=\"elementor-widget-container\">\n\t\t\t\t\t\t\t\t<div class=\"elementor-text-editor elementor-clearfix\">\n\t\t\t\t\t<div><p><span style=\"font-style: inherit; font-weight: inherit;\">Hay muchas eco-etiquetas tur\u00edsticas en el mundo, cada una de las cuales premia a los establecimientos tur\u00edsticos de manera diferente y en base a distintos criterios. En esta p\u00e1gina, descubrir\u00e1 lo que hace que Green Key sea una de las principales eco-etiquetas del sector tur\u00edstico.<\/span><\/p><\/div><div><p><strong>Etiqueta ecol\u00f3gica de alta calidad con altos est\u00e1ndares<\/strong><\/p><p>Al igual que en su establecimiento, la calidad es lo primero en el programa Green Key, esta calidad se define por la transparencia del programa, las auditor\u00edas peri\u00f3dicas in situ realizadas por auditores de Green Key bien formados y la verificaci\u00f3n por parte de terceros. Green Key cumple todos estos requisitos. Tanto los criterios de Green Key como el proceso de concesi\u00f3n est\u00e1n disponibles en nuestro sitio web, lo que significa que todo el mundo puede entender c\u00f3mo y por qu\u00e9 se ha concedido a un establecimiento. Los criterios del programa Green Key est\u00e1n reconocidos por el Consejo Mundial de Turismo Sostenible. Todos los establecimientos galardonados con Green Key reciben auditor\u00edas peri\u00f3dicas in situ realizadas por auditores de Green Key bien formados.<\/p><p><strong>Sin \u00e1nimo de lucro<\/strong><\/p><p>Green Key est\u00e1 gestionado por la Fundaci\u00f3n para la Educaci\u00f3n Ambiental, que es una organizaci\u00f3n no gubernamental sin \u00e1nimo de lucro. Como el programa no tiene \u00e1nimo de lucro, los costes de participaci\u00f3n son comparativamente bajos.<\/p><p>Programa basado en el di\u00e1logo con 30 a\u00f1os de experiencia<br \/>Ser ecol\u00f3gico y aplicar la sostenibilidad desde la base hasta la cima de su establecimiento no es una tarea f\u00e1cil. Green Key reconoce que ning\u00fan establecimiento es igual a otro y que las diferentes empresas se enfrentan a diferentes luchas cuando se trata de la sostenibilidad. Por ello, nuestro programa ofrece apoyo en todo momento, desde la solicitud hasta el premio. Creada en 1994, Green Key cuenta ya con m\u00e1s de 20 a\u00f1os de experiencia en el campo del eco-etiquetado tur\u00edstico, con una amplia base de conocimientos que se comparte con los establecimientos solicitantes y premiados.<\/p><p><strong>Etiqueta ecol\u00f3gica internacional con apoyo nacional<\/strong><\/p><p>Green Key cuenta con m\u00e1s de 5000 establecimientos premiados en 65 pa\u00edses, lo que la convierte en una de las eco-etiquetas tur\u00edsticas m\u00e1s extendidas geogr\u00e1ficamente del mundo. En 40 pa\u00edses, los operadores nacionales de Green Key son responsables de la gesti\u00f3n del programa, lo que significa que usted recibe apoyo en su propio idioma. Y lo que es m\u00e1s importante, nuestros operadores nacionales entienden el contexto nacional y pueden asesorarle teniendo en cuenta la legislaci\u00f3n, las costumbres y las pr\u00e1cticas nacionales. Encuentre su operador nacional aqu\u00ed.<\/p><p><strong>Programa de m\u00faltiples partes interesadas<\/strong><\/p><p><br \/>Green Key fue fundada por la industria del turismo y la hosteler\u00eda, pero ahora est\u00e1 gestionada por una organizaci\u00f3n no gubernamental sin \u00e1nimo de lucro, la Fundaci\u00f3n para la Educaci\u00f3n Ambiental (FEE). El Comit\u00e9 Directivo Internacional, que es el \u00f3rgano pol\u00edtico que respalda el programa, est\u00e1 compuesto por los fundadores del programa, que representan a la industria del turismo y la hosteler\u00eda, y por representantes de la Fundaci\u00f3n para la Educaci\u00f3n Ambiental. En la mayor\u00eda de los pa\u00edses, los jurados nacionales de la Llave Verde, formados por representantes de diferentes ministerios, ONG y el sector del turismo y la hosteler\u00eda, toman la decisi\u00f3n sobre los premios. De este modo, se garantiza que el programa no sea impulsado por una sola entidad, sino que implique a m\u00faltiples partes interesadas.<\/p><p>Reconocido internacionalmente por entidades de alto nivel<br \/>Nuestro programa ha sido reconocido por la Organizaci\u00f3n Mundial del Turismo (OMT) y por ONU Medio Ambiente (PNUMA), y los criterios de Green Key est\u00e1n reconocidos por el Consejo Mundial de Turismo Sostenible. Adem\u00e1s, Green Key trabaja en estrecha colaboraci\u00f3n con la Universidad de Surrey del Reino Unido para recibir apoyo de base cient\u00edfica.<\/p><p><strong>Promover su historia de \u00e9xito<\/strong><\/p><p><br \/>En Green Key apreciamos mucho sus esfuerzos por ser m\u00e1s ecol\u00f3gicos y sostenibles, y estamos orgullosos de cada establecimiento tur\u00edstico que consigue el premio. Por ello, estaremos encantados de promocionar su establecimiento mediante la publicaci\u00f3n de historias de buenas pr\u00e1cticas en nuestras redes sociales, en nuestra p\u00e1gina web y en nuestro bolet\u00edn informativo. Tambi\u00e9n le invitamos a participar en el Concurso de Mejores Pr\u00e1cticas de la Llave Verde, que le da la oportunidad de convertirse en nuestro Campe\u00f3n de la Sostenibilidad del a\u00f1o. Los establecimientos premiados con Green Key que figuran en la base de datos de diferentes agencias de viajes online tambi\u00e9n se benefician de la cooperaci\u00f3n de Green Key con ellas, ya que se a\u00f1adir\u00e1 autom\u00e1ticamente una referencia al premio Green Key a la entrada del establecimiento en la plataforma.<\/p><\/div><div>\u00a0<\/div>\t\t\t\t\t<\/div>\n\t\t\t\t\t\t<\/div>\n\t\t\t\t<\/div>\n\t\t\t\t\t\t<\/div>\n\t\t\t\t\t<\/div>\n\t\t<\/div>\n\t\t\t\t\t\t\t\t<\/div>\n\t\t\t\t\t<\/div>\n\t\t<\/section>\n\t\t\t\t\t\t<\/div>\n\t\t\t\t\t\t<\/div>\n\t\t\t\t\t<\/div>\n\t\t","protected":false},"excerpt":{"rendered":"<p>\u00bfPorqu\u00e9 Green Key? Ventajas de nuestra ecoetiqueta Hay muchas eco-etiquetas tur\u00edsticas en el mundo, cada una de las cuales premia a los establecimientos tur\u00edsticos de manera diferente y en base a distintos criterios. En esta p\u00e1gina, descubrir\u00e1 lo que hace que Green Key sea una de las principales eco-etiquetas del sector tur\u00edstico. Etiqueta ecol\u00f3gica de &hellip;<\/p>\n<p class=\"read-more\"> <a class=\"\" href=\"https:\/\/greenkeyuruguay.org\/index.php\/porquegreenkey\/\"> <span class=\"screen-reader-text\">\u00bfPorqu\u00e9 Green Key?<\/span> Leer m\u00e1s &raquo;<\/a><\/p>\n","protected":false},"author":1,"featured_media":0,"parent":0,"menu_order":0,"comment_status":"closed","ping_status":"closed","template":"","meta":{"om_disable_all_campaigns":false,"_monsterinsights_skip_tracking":false,"_monsterinsights_sitenote_active":false,"_monsterinsights_sitenote_note":"","_monsterinsights_sitenote_category":0,"_joinchat":[],"footnotes":""},"class_list":["post-2874","page","type-page","status-publish","hentry"],"yoast_head":"<!-- This site is optimized with the Yoast SEO plugin v27.4 - https:\/\/yoast.com\/product\/yoast-seo-wordpress\/ -->\n<title>\u00bfPorqu\u00e9 Green Key? - Green Key - Uruguay<\/title>\n<meta name=\"robots\" content=\"index, follow, max-snippet:-1, max-image-preview:large, max-video-preview:-1\" \/>\n<link rel=\"canonical\" href=\"https:\/\/greenkeyuruguay.org\/index.php\/porquegreenkey\/\" \/>\n<meta property=\"og:locale\" content=\"es_ES\" \/>\n<meta property=\"og:type\" content=\"article\" \/>\n<meta property=\"og:title\" content=\"\u00bfPorqu\u00e9 Green Key? - Green Key - Uruguay\" \/>\n<meta property=\"og:description\" content=\"\u00bfPorqu\u00e9 Green Key? Ventajas de nuestra ecoetiqueta Hay muchas eco-etiquetas tur\u00edsticas en el mundo, cada una de las cuales premia a los establecimientos tur\u00edsticos de manera diferente y en base a distintos criterios. En esta p\u00e1gina, descubrir\u00e1 lo que hace que Green Key sea una de las principales eco-etiquetas del sector tur\u00edstico. Etiqueta ecol\u00f3gica de &hellip; \u00bfPorqu\u00e9 Green Key? Leer m\u00e1s &raquo;\" \/>\n<meta property=\"og:url\" content=\"https:\/\/greenkeyuruguay.org\/index.php\/porquegreenkey\/\" \/>\n<meta property=\"og:site_name\" content=\"Green Key - Uruguay\" \/>\n<meta property=\"article:modified_time\" content=\"2024-03-19T16:09:17+00:00\" \/>\n<meta property=\"og:image\" content=\"http:\/\/greenkeyuruguay.org\/wp-content\/uploads\/2022\/09\/16962660376_9d5ccd1cc3_o-1024x684.jpg\" \/>\n<meta name=\"twitter:card\" content=\"summary_large_image\" \/>\n<meta name=\"twitter:label1\" content=\"Tiempo de lectura\" \/>\n\t<meta name=\"twitter:data1\" content=\"1 minuto\" \/>\n<script type=\"application\/ld+json\" class=\"yoast-schema-graph\">{\"@context\":\"https:\\\/\\\/schema.org\",\"@graph\":[{\"@type\":\"WebPage\",\"@id\":\"https:\\\/\\\/greenkeyuruguay.org\\\/index.php\\\/porquegreenkey\\\/\",\"url\":\"https:\\\/\\\/greenkeyuruguay.org\\\/index.php\\\/porquegreenkey\\\/\",\"name\":\"\u00bfPorqu\u00e9 Green Key? - Green Key - Uruguay\",\"isPartOf\":{\"@id\":\"https:\\\/\\\/greenkeyuruguay.org\\\/#website\"},\"primaryImageOfPage\":{\"@id\":\"https:\\\/\\\/greenkeyuruguay.org\\\/index.php\\\/porquegreenkey\\\/#primaryimage\"},\"image\":{\"@id\":\"https:\\\/\\\/greenkeyuruguay.org\\\/index.php\\\/porquegreenkey\\\/#primaryimage\"},\"thumbnailUrl\":\"http:\\\/\\\/greenkeyuruguay.org\\\/wp-content\\\/uploads\\\/2022\\\/09\\\/16962660376_9d5ccd1cc3_o-1024x684.jpg\",\"datePublished\":\"2022-09-27T19:38:41+00:00\",\"dateModified\":\"2024-03-19T16:09:17+00:00\",\"breadcrumb\":{\"@id\":\"https:\\\/\\\/greenkeyuruguay.org\\\/index.php\\\/porquegreenkey\\\/#breadcrumb\"},\"inLanguage\":\"es\",\"potentialAction\":[{\"@type\":\"ReadAction\",\"target\":[\"https:\\\/\\\/greenkeyuruguay.org\\\/index.php\\\/porquegreenkey\\\/\"]}]},{\"@type\":\"ImageObject\",\"inLanguage\":\"es\",\"@id\":\"https:\\\/\\\/greenkeyuruguay.org\\\/index.php\\\/porquegreenkey\\\/#primaryimage\",\"url\":\"http:\\\/\\\/greenkeyuruguay.org\\\/wp-content\\\/uploads\\\/2022\\\/09\\\/16962660376_9d5ccd1cc3_o-1024x684.jpg\",\"contentUrl\":\"http:\\\/\\\/greenkeyuruguay.org\\\/wp-content\\\/uploads\\\/2022\\\/09\\\/16962660376_9d5ccd1cc3_o-1024x684.jpg\"},{\"@type\":\"BreadcrumbList\",\"@id\":\"https:\\\/\\\/greenkeyuruguay.org\\\/index.php\\\/porquegreenkey\\\/#breadcrumb\",\"itemListElement\":[{\"@type\":\"ListItem\",\"position\":1,\"name\":\"Portada\",\"item\":\"https:\\\/\\\/greenkeyuruguay.org\\\/\"},{\"@type\":\"ListItem\",\"position\":2,\"name\":\"\u00bfPorqu\u00e9 Green Key?\"}]},{\"@type\":\"WebSite\",\"@id\":\"https:\\\/\\\/greenkeyuruguay.org\\\/#website\",\"url\":\"https:\\\/\\\/greenkeyuruguay.org\\\/\",\"name\":\"Green Key | Uruguay\",\"description\":\"Sostenibilidad para la industria de la hospitalidad\",\"publisher\":{\"@id\":\"https:\\\/\\\/greenkeyuruguay.org\\\/#organization\"},\"potentialAction\":[{\"@type\":\"SearchAction\",\"target\":{\"@type\":\"EntryPoint\",\"urlTemplate\":\"https:\\\/\\\/greenkeyuruguay.org\\\/?s={search_term_string}\"},\"query-input\":{\"@type\":\"PropertyValueSpecification\",\"valueRequired\":true,\"valueName\":\"search_term_string\"}}],\"inLanguage\":\"es\"},{\"@type\":\"Organization\",\"@id\":\"https:\\\/\\\/greenkeyuruguay.org\\\/#organization\",\"name\":\"Green Key | Uruguay\",\"url\":\"https:\\\/\\\/greenkeyuruguay.org\\\/\",\"logo\":{\"@type\":\"ImageObject\",\"inLanguage\":\"es\",\"@id\":\"https:\\\/\\\/greenkeyuruguay.org\\\/#\\\/schema\\\/logo\\\/image\\\/\",\"url\":\"https:\\\/\\\/greenkeyuruguay.org\\\/wp-content\\\/uploads\\\/2021\\\/10\\\/green_key_visual2_sq_640-1.jpeg\",\"contentUrl\":\"https:\\\/\\\/greenkeyuruguay.org\\\/wp-content\\\/uploads\\\/2021\\\/10\\\/green_key_visual2_sq_640-1.jpeg\",\"width\":640,\"height\":640,\"caption\":\"Green Key | Uruguay\"},\"image\":{\"@id\":\"https:\\\/\\\/greenkeyuruguay.org\\\/#\\\/schema\\\/logo\\\/image\\\/\"}}]}<\/script>\n<!-- \/ Yoast SEO plugin. -->","yoast_head_json":{"title":"\u00bfPorqu\u00e9 Green Key? - Green Key - Uruguay","robots":{"index":"index","follow":"follow","max-snippet":"max-snippet:-1","max-image-preview":"max-image-preview:large","max-video-preview":"max-video-preview:-1"},"canonical":"https:\/\/greenkeyuruguay.org\/index.php\/porquegreenkey\/","og_locale":"es_ES","og_type":"article","og_title":"\u00bfPorqu\u00e9 Green Key? - Green Key - Uruguay","og_description":"\u00bfPorqu\u00e9 Green Key? Ventajas de nuestra ecoetiqueta Hay muchas eco-etiquetas tur\u00edsticas en el mundo, cada una de las cuales premia a los establecimientos tur\u00edsticos de manera diferente y en base a distintos criterios. En esta p\u00e1gina, descubrir\u00e1 lo que hace que Green Key sea una de las principales eco-etiquetas del sector tur\u00edstico. Etiqueta ecol\u00f3gica de &hellip; \u00bfPorqu\u00e9 Green Key? Leer m\u00e1s &raquo;","og_url":"https:\/\/greenkeyuruguay.org\/index.php\/porquegreenkey\/","og_site_name":"Green Key - Uruguay","article_modified_time":"2024-03-19T16:09:17+00:00","og_image":[{"url":"http:\/\/greenkeyuruguay.org\/wp-content\/uploads\/2022\/09\/16962660376_9d5ccd1cc3_o-1024x684.jpg","type":"","width":"","height":""}],"twitter_card":"summary_large_image","twitter_misc":{"Tiempo de lectura":"1 minuto"},"schema":{"@context":"https:\/\/schema.org","@graph":[{"@type":"WebPage","@id":"https:\/\/greenkeyuruguay.org\/index.php\/porquegreenkey\/","url":"https:\/\/greenkeyuruguay.org\/index.php\/porquegreenkey\/","name":"\u00bfPorqu\u00e9 Green Key? - Green Key - Uruguay","isPartOf":{"@id":"https:\/\/greenkeyuruguay.org\/#website"},"primaryImageOfPage":{"@id":"https:\/\/greenkeyuruguay.org\/index.php\/porquegreenkey\/#primaryimage"},"image":{"@id":"https:\/\/greenkeyuruguay.org\/index.php\/porquegreenkey\/#primaryimage"},"thumbnailUrl":"http:\/\/greenkeyuruguay.org\/wp-content\/uploads\/2022\/09\/16962660376_9d5ccd1cc3_o-1024x684.jpg","datePublished":"2022-09-27T19:38:41+00:00","dateModified":"2024-03-19T16:09:17+00:00","breadcrumb":{"@id":"https:\/\/greenkeyuruguay.org\/index.php\/porquegreenkey\/#breadcrumb"},"inLanguage":"es","potentialAction":[{"@type":"ReadAction","target":["https:\/\/greenkeyuruguay.org\/index.php\/porquegreenkey\/"]}]},{"@type":"ImageObject","inLanguage":"es","@id":"https:\/\/greenkeyuruguay.org\/index.php\/porquegreenkey\/#primaryimage","url":"http:\/\/greenkeyuruguay.org\/wp-content\/uploads\/2022\/09\/16962660376_9d5ccd1cc3_o-1024x684.jpg","contentUrl":"http:\/\/greenkeyuruguay.org\/wp-content\/uploads\/2022\/09\/16962660376_9d5ccd1cc3_o-1024x684.jpg"},{"@type":"BreadcrumbList","@id":"https:\/\/greenkeyuruguay.org\/index.php\/porquegreenkey\/#breadcrumb","itemListElement":[{"@type":"ListItem","position":1,"name":"Portada","item":"https:\/\/greenkeyuruguay.org\/"},{"@type":"ListItem","position":2,"name":"\u00bfPorqu\u00e9 Green Key?"}]},{"@type":"WebSite","@id":"https:\/\/greenkeyuruguay.org\/#website","url":"https:\/\/greenkeyuruguay.org\/","name":"Green Key | Uruguay","description":"Sostenibilidad para la industria de la hospitalidad","publisher":{"@id":"https:\/\/greenkeyuruguay.org\/#organization"},"potentialAction":[{"@type":"SearchAction","target":{"@type":"EntryPoint","urlTemplate":"https:\/\/greenkeyuruguay.org\/?s={search_term_string}"},"query-input":{"@type":"PropertyValueSpecification","valueRequired":true,"valueName":"search_term_string"}}],"inLanguage":"es"},{"@type":"Organization","@id":"https:\/\/greenkeyuruguay.org\/#organization","name":"Green Key | Uruguay","url":"https:\/\/greenkeyuruguay.org\/","logo":{"@type":"ImageObject","inLanguage":"es","@id":"https:\/\/greenkeyuruguay.org\/#\/schema\/logo\/image\/","url":"https:\/\/greenkeyuruguay.org\/wp-content\/uploads\/2021\/10\/green_key_visual2_sq_640-1.jpeg","contentUrl":"https:\/\/greenkeyuruguay.org\/wp-content\/uploads\/2021\/10\/green_key_visual2_sq_640-1.jpeg","width":640,"height":640,"caption":"Green Key | Uruguay"},"image":{"@id":"https:\/\/greenkeyuruguay.org\/#\/schema\/logo\/image\/"}}]}},"_links":{"self":[{"href":"https:\/\/greenkeyuruguay.org\/index.php\/wp-json\/wp\/v2\/pages\/2874","targetHints":{"allow":["GET"]}}],"collection":[{"href":"https:\/\/greenkeyuruguay.org\/index.php\/wp-json\/wp\/v2\/pages"}],"about":[{"href":"https:\/\/greenkeyuruguay.org\/index.php\/wp-json\/wp\/v2\/types\/page"}],"author":[{"embeddable":true,"href":"https:\/\/greenkeyuruguay.org\/index.php\/wp-json\/wp\/v2\/users\/1"}],"replies":[{"embeddable":true,"href":"https:\/\/greenkeyuruguay.org\/index.php\/wp-json\/wp\/v2\/comments?post=2874"}],"version-history":[{"count":14,"href":"https:\/\/greenkeyuruguay.org\/index.php\/wp-json\/wp\/v2\/pages\/2874\/revisions"}],"predecessor-version":[{"id":3160,"href":"https:\/\/greenkeyuruguay.org\/index.php\/wp-json\/wp\/v2\/pages\/2874\/revisions\/3160"}],"wp:attachment":[{"href":"https:\/\/greenkeyuruguay.org\/index.php\/wp-json\/wp\/v2\/media?parent=2874"}],"curies":[{"name":"wp","href":"https:\/\/api.w.org\/{rel}","templated":true}]}}